e remainder when 1087 is divided by 91?
86
Calculate the remainder when 3260 is divided by 48.
44
What is the remainder when 2026 is divided by 404?
6
What is the remainder when 3363 is divided by 29?
28
What is the remainder when 62 is divided by 21?
20
What is the remainder when 1317 is divided by 40?
37
What is the remainder when 11059 is divided by 28?
27
Calculate the remainder when 3431 is divided by 1136.
23
Calculate the remainder when 102 is divided by 92.
10
Calculate the remainder when 2226 is divided by 316.
14
Calculate the remainder when 265 is divided by 38.
37
What is the remainder when 307 is divided by 109?
89
What is the remainder when 866 is divided by 3?
2
What is the remainder when 126 is divided by 32?
30
Calculate the remainder when 333 is divided by 16.
13
Calculate the remainder when 176 is divided by 20.
16
Calculate the remainder when 2254 is divided by 141.
139
What is the remainder when 188 is divided by 24?
20
What is the remainder when 712 is divided by 194?
130
Calculate the remainder when 458 is divided by 15.
8
What is the remainder when 43 is divided by 22?
21
What is the remainder when 3723 is divided by 69?
66
Calculate the remainder when 473 is divided by 121.
110
What is the remainder when 106 is divided by 21?
1
Calculate the remainder when 116 is divided by 35.
11
Calculate the remainder when 8 is divided by 3.
2
What is the remainder when 855 is divided by 420?
15
What is the remainder when 1325 is divided by 87?
20
Calculate the remainder when 73 is divided by 24.
1
Calculate the remainder when 119 is divided by 50.
19
What is the remainder when 4781 is divided by 32?
13
What is the remainder when 1316 is divided by 329?
0
What is the remainder when 653 is divided by 215?
8
What is the remainder when 592 is divided by 151?
139
What is the remainder when 3357 is divided by 23?
22
What is the remainder when 268 is divided by 17?
13
Calculate the remainder when 222 is divided by 70.
12
What is the remainder when 143 is divided by 18?
17
What is the remainder when 11790 is divided by 134?
132
What is the remainder when 913 is divided by 830?
83
What is the remainder when 89053 is divided by 176?
173
Calculate the remainder when 176 is divided by 59.
58
Calculate the remainder when 374 is divided by 57.
32
Calculate the remainder when 128 is divided by 73.
55
What is the remainder when 150 is divided by 8?
6
What is the remainder when 2964 is divided by 987?
3
What is the remainder when 938 is divided by 47?
45
What is the remainder when 6723 is divided by 38?
35
Calculate the remainder when 21810 is divided by 19.
17
Calculate the remainder when 159 is divided by 6.
3
Calculate the remainder when 376 is divided by 12.
4
Calculate the remainder when 312 is divided by 21.
18
Calculate the remainder when 44846 is divided by 16.
14
What is the remainder when 515 is divided by 169?
8
What is the remainder when 59722 is divided by 21?
19
Calculate the remainder when 2289 is divided by 31.
26
What is the remainder when 469 is divided by 34?
27
Calculate the remainder when 136 is divided by 69.
67
What is the remainder when 489 is divided by 96?
9
What is the remainder when 43 is divided by 34?
9
What is the remainder when 21929 is divided by 85?
84
Calculate the remainder when 3678 is divided by 97.
89
Calculate the remainder when 1204 is divided by 596.
12
Calculate the remainder when 7860 is divided by 13.
8
Calculate the remainder when 419 is divided by 20.
19
What is the remainder when 7344 is divided by 167?
163
What is the remainder when 289 is divided by 74?
67
Calculate the remainder when 922 is divided by 71.
70
What is the remainder when 9 is divided by 8?
1
Calculate the remainder when 1909 is divided by 21.
19
What is the remainder when 256 is divided by 69?
49
What is the remainder when 68 is divided by 14?
12
What is the remainder when 191 is divided by 12?
11
Calculate the remainder when 8749 is divided by 16.
13
What is the remainder when 1470 is divided by 52?
14
What is the remainder when 281 is divided by 112?
57
What is the remainder when 63 is divided by 42?
21
Calculate the remainder when 193 is divided by 44.
17
Calculate the remainder when 2396 is divided by 29.
18
What is the remainder when 357 is divided by 91?
84
What is the remainder when 145 is divided by 130?
15
Calculate the remainder when 44 is divided by 6.
2
Calculate the remainder when 1927 is divided by 634.
25
Calculate the remainder when 2061 is divided by 681.
18
What is the remainder when 46095 is divided by 394?
391
Calculate the remainder when 3246 is divided by 38.
16
What is the remainder when 74 is divided by 26?
22
Calculate the remainder when 3231 is divided by 33.
30
What is the remainder when 39 is divided by 36?
3
Calculate the remainder when 1168 is divided by 212.
108
Calculate the remainder when 326 is divided by 15.
11
What is the remainder when 2949 is divided by 36?
33
Calculate the remainder when 2808 is divided by 187.
3
Calculate the remainder when 558 is divided by 40.
38
What is the remainder when 90 is divided by 53?
37
What is the remainder when 531 is divided by 169?
24
What is the remainder when 82 is divided by 17?
14
Calculate the remainder when 207 is divided by 29.
4
Calculate the remainder when 835 is divided by 28.
23
What is the remainder when 548 is divided by 19?
16
What is the remainder when 398 is divided by 105?
83
What is the remainder when 1205 is divided by 357?
134
What is the remainder when 86 is divided by 25?
11
What is the remainder when 577 is divided by 15?
7
Calculate the remainder when 227 is divided by 21.
17
What is the remainder when 1462 is divided by 726?
10
What is the remainder when 549 is divided by 114?
93
Calculate the remainder when 2084 is divided by 24.
20
What is the remainder when 330 is divided by 36?
6
Calculate the remainder when 119 is divided by 9.
2
What is the remainder when 147 is divided by 22?
15
Calculate the remainder when 605 is divided by 29.
25
Calculate the remainder when 3630 is divided by 12.
6
Calculate the remainder when 492 is divided by 29.
28
What is the remainder when 533 is divided by 19?
1
Calculate the remainder when 969 is divided by 139.
135
What is the remainder when 169 is divided by 5?
4
Calculate the remainder when 543 is divided by 13.
10
What is the remainder when 122 is divided by 62?
60
Calculate the remainder when 22469 is divided by 210.
209
Calculate the remainder when 737 is divided by 723.
14
What is the remainder when 12365 is divided by 32?
13
What is the remainder when 1583 is divided by 38?
25
Calculate the remainder when 150 is divided by 22.
18
Calculate the remainder when 12293 is divided by 4097.
2
What is the remainder when 95 is divided by 55?
40
What is the remainder when 512 is divided by 129?
125
Calculate the remainder when 594 is divided by 33.
0
Calculate the remainder when 85 is divided by 38.
9
Calculate the remainder when 420 is divided by 60.
0
Calculate the remainder when 1953 is divided by 969.
15
What is the remainder when 267 is divided by 49?
22
Calculate the remainder when 68 is divided by 21.
5
What is the remainder when 435 is divided by 6?
3
What is the remainder when 1666 is divided by 555?
1
Calculate the remainder when 773 is divided by 76.
13
What is the remainder when 186 is divided by 8?
2
What is the remainder when 37217 is divided by 91?
89
What is the remainder when 468 is divided by 11?
6
Calculate the remainder when 7398 is divided by 38.
26
Calculate the remainder when 1947 is divided by 78.
75
Calculate the remainder when 403 is divided by 58.
55
Calculate the remainder when 222 is divided by 25.
22
What is the remainder when 292 is divided by 126?
40
Calculate the remainder when 1152 is divided by 17.
13
Calculate the remainder when 560 is divided by 42.
14
What is the remainder when 381 is divided by 24?
21
What is the remainder when 282 is divided by 11?
7
What is the remainder when 4047 is divided by 92?
91
Calculate the remainder when 1044 is divided by 99.
54
What is the remainder when 794 is divided by 93?
50
Calculate the remainder when 134 is divided by 116.
18
What is the remainder when 108 is divided by 4?
0
Calculate the remainder when 47 is divided by 10.
7
W